is the value of (1 - 12) + (-31 + 15 - -19)?
-8
What is the value of 11 + (-4 + -3 + 3 - 1)?
6
What is (7 - (12 - -2)) + 9?
2
What is the value of -1 + 2 - (3 + 1 + 1)?
-4
What is the value of -2 - ((-7 - -3) + -3 + 1)?
4
Calculate 0 + -5 + -2 + 0 + 3.
-4
Calculate -2 + 3 + -10 + 2 + 2.
-5
-4 + -4 + (7 - 2)
-3
What is (8 - 5) + 8 - (4 - -2)?
5
(19 - (10 - -4)) + -11
-6
Evaluate -1 + (2 - -3) + 0 + -1.
3
Calculate (-6 - -6) + -3 + 12 - 4.
5
What is the value of 2 + -5 - (-3 - -4)?
-4
5 - (14 + (-4 - -2))
-7
Evaluate -1 - 7 - (-16 + 10).
-2
Evaluate 3 - 4 - (1 - (0 + 1)).
-1
What is 16 - 6 - 15 - -5?
0
Calculate -2 + 8 + -9 + (2 - -6).
5
What is 0 + 3 + -3 + -2 + 1?
-1
Evaluate (-5 - 0) + -4 - -3 - -2.
-4
Evaluate 9 + -3 + -3 + -7.
-4
What is -3 - (6 + -3) - (13 - 10)?
-9
What is the value of -5 + 7 + (0 - -6 - 13)?
-5
0 + 6 - ((6 - -8) + -6)
-2
Evaluate 1 - (-3 - 6 - -7).
3
What is the value of 5 + -1 + 3 + -5 + 3?
5
What is 7 - (1 + -1) - 13?
-6
What is the value of 1 + 1 + -1 + -6?
-5
What is the value of -1 - ((1 - 3) + 4) - 1?
-4
What is the value of 7 - 4 - (3 + 3)?
-3
Calculate (-2 - 6) + 17 + -15.
-6
Calculate -1 - (-3 - (3 - (2 - -3))).
0
What is the value of -16 - -14 - (0 - 2)?
0
Calculate -9 - (4 - -2) - -9.
-6
Calculate -4 - (-1 + -3 - (3 - -1)).
4
0 - (1 - (15 - 9))
5
-4 + 5 - ((0 - -2) + -3)
2
38 + -37 + (2 - 0)
3
-2 + 0 + 3 + 9 + -19
-9
What is the value of -8 + (8 - (10 + -14))?
4
What is the value of 3 - (0 + 0 + (2 - 3))?
4
Calculate 0 + 2 + -4 + (3 - 0).
1
What is the value of -2 - (-1 - -3) - -2?
-2
What is the value of 9 + -13 - -3 - 2?
-3
What is the value of -73 + 72 + (-2 - (2 - 9))?
4
Calculate 17 + (-8 - -7) + (-7 - -1).
10
Calculate (-8 - (8 + -15) - -1) + 3.
3
Evaluate 5 + (-3 + 1 - -4) + -4.
3
Calculate 1 - 4 - (-2 + 2 - 0).
-3
-9 + (-1 - (8 + -17))
-1
What is the value of (-3 - (5 + -2)) + (5 - 1)?
-2
1 + 1 + 0 + -6
-4
Evaluate -2 - (-4 - (-2 + 1)) - 4.
-3
Calculate -1 - ((-11 - (-7 - -4)) + 1).
6
Calculate 2 + (-1 - -7) - 6 - 6.
-4
Evaluate 0 + 3 + -3 + 1 - -1.
2
Calculate (-7 - 5 - -8) + 1 + -1.
-4
What is -5 + (2 - -4) + -1 - -2?
2
-17 + 14 - (-9 - -1)
5
Evaluate -209 + 216 - (-2 + 1).
8
What is -2 - -13 - (0 - (0 - 3))?
8
Evaluate (-24 - -29) + (-6 - -1).
0
What is the value of (1 - 0) + -8 + 5?
-2
What is the value of 15 - (5 + (2 - (0 + 0)))?
8
Evaluate -23 + 24 - (3 + -2) - 5.
-5
What is the value of (-5 + -1 - 2) + 3 + 4?
-1
-8 - (-11 - (-5 + 4)) - 1
1
-3 + 2 + -2 + -1
-4
Evaluate -3 + (5 - (8 - 4)).
-2
Calculate (10 + 8 - 9) + -3.
6
What is the value of 1 + (4 - 2) + -8?
-5
What is the value of -3 + (0 - (-4 - 7))?
8
Calculate 2 + (8 + 3 - 18).
-5
What is the value of (18 + -10 - 14) + -1 + 15?
8
Evaluate (-1 - 7 - -6) + 1.
-1
Evaluate (-7 - 2 - -1 - -3) + 2.
-3
Evaluate -5 + (-2 - -6) + 2 + 2.
3
(-3 + 11 - 5) + 0 + -9
-6
What is the value of 0 + 1 + (1 - (-1 + 4))?
-1
Evaluate (8 - (1 + 2)) + -1 + -1.
3
1 - 2 - (0 + -3) - -2
4
What is the value of -6 - (-10 + 3 + 6)?
-5
(115 - 117) + (-1 - -8)
5
(-1 - 2) + 4 + -19 + 9
-9
Evaluate -5 - (-3 - (-5 - -3)) - 0.
-4
What is (3 - (2 - 2)) + -5 + 0?
-2
What is 2 + -6 + 10 + -4?
2
What is the value of 2 - (5 + (2 - 1 - 1))?
-3
Evaluate -14 - -28 - (1 - -8).
5
What is the value of (1 - -2 - -1) + -7 - -2?
-1
Calculate (-1 - (-1 + 1)) + (0 - 0).
-1
(1 - 0) + -7 + -1
-7
What is the value of -5 + -3 + (-1 - (-5 - 7))?
3
(-3 + -1 - -7) + -2
1
Evaluate (48 - 39) + (-2 - 12).
-5
0 + -7 + -2 + 2 - -3
-4
Calculate 95 + -94 - (1 - -4).
-4
What is the value of -5 - (-1 + 0) - -5?
1
Calculate -6 - ((-7 - -3) + -3 - -1).
0
6 - (11 + -5 + (-1 - 0))
1
What is the value of -5 - (-2 - 4 - -6)?
-5
Evaluate -1 + 5 - (-1 - 2 - -5).
2
What is the value of 2 + (2 - 7) + -4 + 10?
3
What is (12 - (11 - 6)) + -5?
2
Calculate -9 - ((-1 - -5) + (18 - 24)).
-7
What is the value of -17 - -27 - (4 - 2)?
8
Evaluate -2 + -1 - (-1 + -2).
0
0 - 0 - (2 - (-4 + -1))
-7
-2 + (1 - (1 + -3)) - -2
3
What is -2 + 2 - -3 - 1?
2
What is the value of -1 - ((-15 - -9) + 2)?
3
What is the value of (4 - 7 - 3) + 5?
-1
6 + -6 + (0 - -5)
5
What is the value of (-5 - 0) + -13 + 17?
-1
-5 - (-3 - (5 - (-6 + 6)))
3
What is the value of (-5 - -7 - -3) + -7?
-2
13 + -15 + 4 + -11
-9
Calculate (-2 + 2 - 4 - 0) + 1.
-3
Evaluate (1 - 4) + (3 - 3) + -1.
-4
Calculate (-6 - -2 - (1 - 5)) + -3.
-3
-5 - -3 - -5 - -2
5
9 - (4 + -1) - (4 - 7)
9
What is (-5 - 0) + (7 - 0)?
2
Calculate 1 - (2 + 2 - (2 + 2)).
1
What is -3 - (-2 + 2 + 2)?
-5
What is the value of -2 + 4 + 0 + -3?
-1
What is the value of -5 - ((3 - 0) + (6 - 7))?
-7
-16 + 19 - (-10 - -4)
9
What is 3 - (-8 - ((-8 - -10) + -13))?
0
What is -4 + 3 + (-4 - -4)?
-1
What is the value of -3 - (-1 + (1 - (4 + -5)))?
-4
Evaluate 3 - (0 + 4) - (2 + 0).
-3
Evaluate -4 + (-7 - -9 - -5).
3
What is the value of 8 + -11 - -1 - -9?
7
4 + -7 - (0 - -2)
-5
What is the value of 0 + (4 - 0) + 3 + -2?
5
What is 0 + -4 + 7 + -2?
1
What is the value of -1 - 3 - (-5 - -4 - -1)?
-4
What is the value of -6 + 1 + 3 - -4?
2
What is -2 + 6 + -2 - -1 - -2?
5
Evaluate 0 - -6 - ((-3 - -1) + 3).
5
(5 - (-8 + 15 - 13)) + -4
7
Evaluate 2 + 6 + (-12 - -3).
-1
What is the value of -5 - (-1 - 3) - -5?
4
Evaluate -5 - ((-2 - 7) + 9).
-5
-7 - -2 - (-16 - (3 - 16))
-2
Evaluate -6 + 10 + (1 - (-4 - -6)).
3
Evaluate -9 + (1 - -8) - (-1 - -4).
-3
Evaluate -3 + 7 + (1 - 6).
-1
What is -1 + (4 + -6 + 6 - 8)?
-5
Evaluate 10 - (10 + -6) - 9.
-3
What is the value of -3 - (0 + 0 - 4) - 5?
-4
Evaluate -4 - (-15 + 5 + 2).
4
What is (-3 - -7 - (0 - 1)) + -1?
4
What is the value of -5 - (3 - -3 - 14)?
3
Calculate 0 + -1 + (-3 - 6) + 15.
5
What is -14 + (-6 - 6) + 16?
-10
What is the value of 12 + -6 - -1 - (1 - -1)?
5
Calculate 7 - -8 - (-11 + 15).
11
Evaluate 2 - 4 - -2 - -4 - 5.
-1
What is -3 - ((-1 - (-4 + -1)) + -8)?
1
What is the value of 4 + (-3 - (3 - 2 - 5))?
5
-4 + -2 + 0 - (-6 - -3)
-3
-9 + (5 - 2) - -2
-4
What is (-3 - -2) + 0 + 2 + -4?
-3
-4 + 4 + 1 + -1
0
-5 - (4 + -5 + -2 + -1)
-1
What is the value of 0 - (-15 + 14 + -3 + 1)?
3
Calculate (6 - 7) + (3 - -4 - 1).
5
Calculate 32 - 14 - (-1 + 14).
5
Calculate (5 + -11 - -8) + 0.
2
Calculate 9 + -11 + 6 + -1.
3
Evaluate -5 - (3 - (-5 + 9)).
-4
-4 + (2 - -2) - 3
-3
4 + -9 - (-9 - 1)
5
Evaluate 5 + -3 + (-2 - (1 - -2)).
-3
What is the value of 14 - 2 - (-15 - -19) - 3?
5
Calculate 3 + (0 - 4) + (-4 - -1).
-4
What is the value of -7 + -1 + 13 + -5?
0
Evaluate 0 + 3 + -3 + 0.
0
-2 - (3 + (3 - 6) + 1)
-3
Evaluate -16 - -13 - (1 - 1 - 2).
-1
What is the value of -3 - 2 - (-9 - -1 - 2)?
5
What is -5 + -4 + 2 + 7 + -5?
-5
Calculate 2 - (5 + -6) - -2.
5
Calculate 0 - (-3 + -6) - 4 - 4.
1
Calculate (7 - (12 - 4)) + (3 - -2).
4
Evaluate 3 - (5 - 2) - -2.
2
What is (2 - (1 + 1)) + (5 - 8)?
-3
What is 4 - (-2 - ((-2 - 1) + 2))?
5
16 + -13 + -8 - -4
-1
Calculate 12 + -1 + (5 - 10) - 3.
3
Evaluate 0 - (6 + -3 + 2 + -2).
-3
3 + -4 + (-7 - -3)
-5
-4 - (-6 + 3 - 3)
2
Evaluate 1 - (4 + -2) - 1.
-2
Evaluate 57 + -50 - ((3 - 0) + -2).
6
Calculate 1 + -5 + (-1 - -9).
4
What is 0 - -1 - (16 + -12)?
-3
What is (-44 - -50) + -5 + -1?
0
What is the value of 77 + -65 + -5 + -1?
6
What is the value of -11 - -3 - -8 - 1?
-1
Evaluate -5 + (-2 + -6 + 10 - 3).
-6
Evaluate 0 + 1 - (5 + -1 + -2).
-1
Evaluate (8 - (1 + 0)) + 6 + -9.
4
Evaluate -3 - (4 + -6 - (2 - 1)).
0
What is the value of -5 - (-6 - (-4 + -1))?
-4
What is 6 - 5 - -2 - 0?
3
(-6 - -21) + -3 + -4 + 1
9
What is the value of 12 - (11 - (0 - -1))?
2
5 + -8 + -4 + 7
0
What is the value of -4 - (4 + (-4 - -1))?
-5
((-18 - -6) + 3 - -3) + 9
3
Calculate 4 - (4 + -7 + 3).
4
Evaluate -2 + (-1 - (-5 + 0)).
2
Evaluate 1 - 2 - (-2 - -2).
-1
What is 1 + -2 + -7 + (-11 - -22)?
3
What is the value of -2 - -2 - (-9 + -3) - 6?
6
Calculate (5 - 2) + 0 + -3.
0
What is -5 - (-7 - (-5 - 0))?
-3
Evaluate 2 - (2 - (-1 - -2)).
1
Calculate 0 + 0 + 2 - (4 + 1).
-3
(1 - 2) + (14 - 12)
1
Evaluate -3 - ((-1 - -1) + (-3 - -1)).
-1
Evaluate -5 + (-5 - (7 - 5) - -6).
-6
Evaluate -7 + 2 + 8 + 0 + -4.
-1
-1 + -2 + 8 + 0
5
-5 + 9 + 0 + -4
0
What is 0 + -9 - (-8 + 3)?
-4
Calculate 1 + -2 + (17 - 21).
-5
-1 + (-5 + 12 - 7)
-1
(3 + 1 - 15) + 6
-5
Evaluate (-14 - -4) + (22 - 12).
0
What is the value of 0 + 4 - (0 + -5 - -4)?
5
Calculate 20 + (-8 - 4) - 13.
-5
Cal